 highest common divisor of 76 and n?
4
Suppose 1799 = 12*n - 2041. What is the highest common factor of 64 and n?
64
Suppose -y = -9 - 36. Let q = 14 - 10. Suppose 0*c - 2*x = -c + 26, q*c = -x + 68. Calculate the greatest common factor of c and y.
9
Let u = -537 - -539. What is the greatest common divisor of 26 and u?
2
Suppose -15 = -3*z - 0. Suppose 54 = 3*y - 4*d, -d + 122 = z*y + 3*d. Let i = -16 + 27. Calculate the highest common factor of i and y.
11
Let k(f) = 6*f**2 + 12*f + 3. Let t be k(-5). Suppose -5*u + 150 = y, -88 = -3*u - 0*y - y. Calculate the highest common factor of t and u.
31
Let f be ((-1)/3 - -1)*-6. Let c(i) = -8*i. Let h be c(f). Let n be 4/(-18) - 434/(-9). What is the greatest common factor of n and h?
16
Suppose -3*r + 5*o + 22 = 0, -8*r + 3*r + 4*o + 41 = 0. Suppose 0 = 2*c - 0*c - 72. What is the greatest common factor of c and r?
9
Suppose -42*u + 44*u - 48 = -4*l, -4*u + 4*l + 108 = 0. Calculate the greatest common divisor of u and 351.
13
Let i be 444*1 + 16/(-4). Let c = i - 232. What is the greatest common factor of 26 and c?
26
Let b(f) = f**3 - 25*f**2 - 19*f - 142. Let d be b(26). What is the greatest common divisor of 25 and d?
5
Let t(s) = -s**2 + s + 4. Let r be t(0). Suppose 0 = -4*y + 12, g + 3*y = -r*g + 19. Let u be g/(-10) + 244/20. Calculate the highest common factor of 48 and u.
12
Suppose 0 = 229*i - 185*i + 343 - 959. Suppose 3*d - 4*s = 17, -4*s + 4 + 3 = 5*d. Suppose 14 = -2*o + d*o. Calculate the greatest common factor of o and i.
14
Suppose -3*u + 205 - 46 = 3*h, u + 4*h = 53. What is the highest common factor of 477 and u?
53
Let n(t) = t**3 - 3*t**2 - 2*t - 26. Let l be n(7). Calculate the highest common factor of l and 24.
12
Let h(v) = -2*v - v - 2*v - 6 - 4*v. Let i be h(-5). Suppose i = 3*p - 93. What is the greatest common factor of 11 and p?
11
Let o(x) = -2*x - 45*x**3 - x**2 + 17 - 3*x**2 + 46*x**3. Let i be o(5). What is the highest common factor of i and 4?
4
Let z(k) = 2*k**2 + 19*k + 67. Let d be z(-16). Calculate the highest common factor of 25 and d.
25
Suppose 0 = y - 4*y - 2*l - 58, -4 = 2*l. Let o = y - -31. Let n = 68 - 16. What is the highest common divisor of o and n?
13
Let n(x) = 10*x**2 + x + 1. Let c be n(2). Suppose -2*j + 47 = -c. Calculate the greatest common factor of j and 5.
5
Let s(b) = b**3 + 8*b**2 + 6*b + 2. Suppose 3*y + 26 = -2*l, 0 = l + 4*y + 25 - 2. Let z be s(l). What is the highest common factor of z and 63?
9
Suppose 5*v - 130 = 80. Let d be 6/9*(0 - -6). Let a(z) = z**2 - 5*z + 10. Let g be a(d). What is the highest common divisor of v and g?
6
Let i be (-2 - -6 - 1) + 7. Let d be 6/(-15) + 1474/i. What is the greatest common factor of d and 21?
21
Let l = 960 - 951. What is the greatest common divisor of 963 and l?
9
Suppose -4*i + 5*g + 802 = 0, i + g - 196 = -0*g. Calculate the greatest common divisor of 462 and i.
66
Let q(o) = 42*o. Let d(w) = -6*w. Let b(u) = -15*d(u) - 2*q(u). Let y be b(2). What is the highest common divisor of 96 and y?
12
Suppose 3*t - 6 + 159 = 0. Let r be 17/(t/(-180)) + 3. What is the greatest common divisor of 9 and r?
9
Let w be 4/(4/(-1))*(-58 + -5). Calculate the greatest common factor of 77 and w.
7
Let s be 1*4 - (-17 + -2). Let r = s - 35. Let f be ((-66)/r)/((-2)/(-4)). Calculate the highest common factor of f and 55.
11
Let t = 192 - 298. Let v = 142 + t. Calculate the highest common factor of 72 and v.
36
Let o(w) = -w**2 - 7*w + 1. Let z be o(-7). Suppose -19 = -2*v - z. Suppose -13*m + 384 = -v*m. What is the greatest common factor of 12 and m?
12
Suppose l = -5*d - 0*d + 8, 0 = -4*d + 3*l + 14. Let v = -1 - -4. Suppose c - 5*a - 3 = 14, -19 = -c + v*a. Calculate the greatest common factor of c and d.
2
Suppose -87*q + 3476 = 71*q. What is the greatest common divisor of q and 1474?
22
Let y = -46 - -88. Let n(r) = 8*r**2 + 2*r - 3. Let t be n(1). What is the highest common divisor of t and y?
7
Let l = 136 - 85. Suppose x + l = 4*x. What is the greatest common factor of x and 34?
17
Suppose -5*c = -3*n - 5698, -3*c + 3422 = -74*n + 69*n. What is the highest common divisor of 34 and c?
17
Let y be (-3)/(-1 + (-4)/8). Let h be (-393)/(-9) + y/6. Calculate the highest common divisor of 22 and h.
22
Let i = 10 + -6. Suppose -p = -i*p. Suppose -5*v + 3 + 12 = p. Calculate the highest common divisor of 12 and v.
3
Let w = -599 - -650. Calculate the highest common factor of w and 459.
51
Let d = -24 - -65. Let v = d - 28. Calculate the highest common factor of v and 13.
13
Suppose -o - 4*o - 330 = 0. Let l be o/99 - (-532)/6. What is the greatest common factor of l and 11?
11
Suppose 2*i - 35 = -3*b, -4*i + b = -48 - 1. Let j = i - -35. Let l = 8 - -24. Calculate the highest common divisor of j and l.
16
Let b(d) be the first derivative of d**3/3 - 7*d**2/2 + 5*d - 13. Let i be b(8). What is the greatest common divisor of i and 65?
13
Let d(o) = o**2 - 18 + o**2 + 3 - o**2. Let f be d(-5). Suppose 0 = -3*v, 5*v = -0*g + 3*g - 240. Calculate the highest common factor of f and g.
10
Suppose -h = 4*h - 100. Suppose -4 = 4*p + 2*o - 6*o, 0 = 4*p + 5*o + 31. Let w be 1 + p/(2 + -3). Calculate the highest common factor of w and h.
5
Let m(g) = 4*g. Let t be m(0). Suppose 4*k + 4*f - 44 = t, f + 9 = -5*k + 76. Let x = 0 + 14. Calculate the highest common divisor of x and k.
14
Let q be (((-217)/(-14))/((-2)/(-8)))/2. Let b = 73 + q. Calculate the highest common divisor of b and 13.
13
Suppose -43 + 527 = 11*h. Calculate the greatest common factor of h and 1012.
44
Let y be (-3652)/(-20) + 6/(-10). Let v be -518 + 3/(-1 + 2/(-4)). Let w be 5/(-2)*v/50. What is the greatest common factor of y and w?
26
Suppose 3*q + 0 = 144. Suppose -4*v - 4*v = -q. What is the greatest common divisor of 9 and v?
3
Let l = -745 + 995. What is the greatest common divisor of 15 and l?
5
Let v = -11 + 29. Let a be (16/(-26))/4 + 12880/65. What is the highest common divisor of a and v?
18
Let d = 12 + -9. Suppose -2*g + 3*t = -0*g + 3, g = 3*t. Let j = g + 18. Calculate the highest common divisor of d and j.
3
Let x = -52 + -6. Let g = x - -88. What is the greatest common factor of 15 and g?
15
Let o(z) = -z**2 + 10*z + 11. Let u be o(9). Let g = 11 + u. Suppose g = b - 4. Calculate the highest common factor of 5 and b.
5
Suppose 660 + 420 = 4*c. Let u(k) = k**3 + 3*k**2 - 6*k - 4. Let t be u(-4). Let o be (-1)/2*t*-15. Calculate the greatest common factor of o and c.
30
Let j be 2/2 + -41 + 58. Calculate the greatest common factor of j and 45.
9
Suppose -4*x + 1420 = -2*k, -2*x = 2*x. Let s = k + 1547. Suppose 6*v - s = 3*v. What is the highest common factor of 31 and v?
31
Let x be ((-6)/(-2))/((-30)/(-160)). Calculate the greatest common divisor of 8 and x.
8
Let r = 616 + -584. What is the highest common factor of r and 576?
32
Let u(v) = v**2 - v - 7. Let m = -11 - -7. Let o be u(m). Calculate the highest common divisor of 13 and o.
13
Let k be (-276)/(-10)*5/3. What is the highest common factor of k and 4?
2
Suppose -42*o - 31 = -1711. Calculate the highest common divisor of 190 and o.
10
Let o = 963 - 773. Calculate the highest common divisor of 76 and o.
38
Let f = 215 - 143. Calculate the highest common divisor of f and 162.
18
Let f be (-1434)/(-18) + (-1)/(-3). Suppose 124 = 3*v - f. Suppose -3*j - j + v = 0. What is the greatest common divisor of j and 51?
17
Let d be 4/6 - 520/(-39). Suppose -2*n - 6 = -d. Let r(i) = i**3 - 3*i**2 - 3. Let p be r(n). What is the highest common factor of 65 and p?
13
Let l(n) = 22*n + 112. Let o be l(-4). Calculate the highest common factor of o and 472.
8
Let p(t) = 5*t - 21. Let o be p(5). Suppose o*c + 60 = 8*c. What is the highest common factor of 135 and c?
15
Suppose -1257 = -9*y + 4*g, -5*y - 8*g + 711 = -6*g. Suppose -470 = -5*n + 3*p, -2*n - 5*p + 187 = -1. What is the highest common factor of n and y?
47
Let q(t) = t - 9. Let i be q(-15). Let a = i - -47. What is the greatest common factor of a and 92?
23
Let y be ((-1098)/(-30) - 3)/(3/100). Suppose -y = n - 11*n. Calculate the greatest common divisor of 28 and n.
28
Let m be 4 + 3/((-6)/4). Let t be m/(-6) - (-13)/3. Let y be (-2)/t*(-40)/2. Calculate the greatest common divisor of 4 and y.
2
Suppose -2017 + 325 = -12*q. What is